73. Suppose -5*w + 2*w = -105. Calculate the remainder when w is divided by y(-4).
8
Suppose -25*l = -75*l + 1650. What is the remainder when 525 is divided by l?
30
Let t(d) = -d**2 - 10*d + 3 + 1 + 2 + 3*d. What is the remainder when 34 is divided by t(-4)?
16
Let q(g) = -4*g - 16 - 4*g + 25. Let i(w) = -4*w + 5. Let b(m) = -11*i(m) + 6*q(m). Calculate the remainder when b(-4) is divided by 8.
7
Suppose 93 = 3*t - 123. Calculate the remainder when t is divided by (22 - 9) + 1 + 1.
12
Let h = 8 - 1. Suppose -191 = -5*d + 4*s, 3*d - 29*s - 122 = -34*s. What is the remainder when d is divided by h?
4
Let s(d) = -18*d**2 + d. Let x be s(2). Let u(z) = -z**2 + 5*z + 6. Calculate the remainder when (18/5)/((-28)/x) is divided by u(5).
3
Let f(b) = -b**3 - 11*b**2 - 7*b + 15. Let z be f(-10). What is the remainder when 43 is divided by z*(2 + (-6 - -3))?
13
Let a(b) = -160*b - 266. Calculate the remainder when a(-3) is divided by 73.
68
Let w(k) = -2*k**2 + 6. Let m(x) = 2*x**2 + x - 7. Let n(j) = -2*m(j) - 3*w(j). What is the remainder when 142 is divided by n(-4)?
34
Suppose 4*x + 11 = 3*a, a = -5*x + 7 + 3. Suppose -j = a*b + 110, -2*j - 62 = 2*b + 2*j. Calculate the remainder when -66*(3 + b/6) is divided by 12.
9
Suppose -g = -4*q + 1, 0*q = -4*q. What is the remainder when (-1 + -4 - -69)/(g - -2) is divided by 17?
13
Suppose 909 = -316*s + 319*s. Calculate the remainder when s is divided by 17.
14
What is the remainder when 33 is divided by 4/(-6)*1/(7/(-42))?
1
Let i(k) be the first derivative of -k**3/3 - 5*k**2/2 + 5*k - 8. Let n = -11 - -6. What is the remainder when 22 is divided by i(n)?
2
Let b(h) = 7*h**2 - h - 2. Let p be b(2). Suppose 3*o + 2*o = 0. Let d = p + o. Calculate the remainder when d is divided by 13.
11
Suppose 0 = 4*v - 5 - 11. Let f = 309 + -281. Calculate the remainder when f is divided by v.
0
Suppose v = -4*v + 5*b + 55, -25 = -3*v - b. What is the remainder when 188 is divided by v?
8
Let k(c) = c**2 + 2*c + 1. Suppose n - 240 = -234, 21 = 3*h - 2*n. Calculate the remainder when h is divided by k(-2).
0
Suppose -5*s + 20*a + 255 = 18*a, -4*s = a - 204. What is the remainder when 70 is divided by s?
19
Let c(b) = -b**2 + 39*b - 103. Calculate the remainder when c(17) is divided by 34.
33
Suppose 87*b - 98*b + 264 = 0. What is the remainder when 65 is divided by b?
17
Let m = 13 - 8. Suppose -6*z = -2*z + 32. What is the remainder when (-108)/z - (-3)/(-6) is divided by m?
3
Let p(a) = a**3 - 10*a**2 + 22*a + 21. Calculate the remainder when p(9) is divided by 55.
28
Let n(o) = o**2 - 9*o + 3. Let l(m) = 5*m. Let r(q) = -6*q + 1. Let p(z) = -3*l(z) - 2*r(z). Let k be p(-4). Calculate the remainder when 48 is divided by n(k).
9
What is the remainder when 58 is divided by (-6)/(-51)*-1 - 968/(-136)?
2
Suppose 2*w - 24 = 3*d + d, 5*w = -d + 16. Let i = w - -125. Let t = 182 - i. What is the remainder when t is divided by 14?
11
Let g = 1210 - 718. Calculate the remainder when g is divided by 44.
8
Suppose -y = -5*l - 51, 2*l - 116 = -6*y + 2*y. Let h = -119 - -242. Calculate the remainder when h is divided by y.
30
Calculate the remainder when ((-1)/2)/((-46)/7061)*4 is divided by 13.
8
Let h(i) = 6*i - 49. Calculate the remainder when h(11) is divided by 13.
4
Suppose -2*l - 4*d = -53 - 127, 0 = -5*l - 4*d + 420. Let f = 17 + l. Calculate the remainder when f is divided by 14.
13
Suppose -5*v - s + 254 = 0, 166 = 36*v - 33*v + 4*s. What is the remainder when 146 is divided by v?
46
Let t(l) = -6*l - 4*l - 9 - l - 6*l. Calculate the remainder when t(-5) is divided by 13.
11
Let g be (-2)/(-4) + (-145)/(-10) + -5. Calculate the remainder when 46*3*(g/6 - 1) is divided by 16.
12
Suppose -3*b - 5*h = -7*b - 6, 0 = 3*h - 6. Let j = 52 + b. Let m = -32 + 60. Calculate the remainder when j is divided by m.
25
Let n(o) = -o**3 - 22*o**2 + o + 35. What is the remainder when 516 is divided by n(-22)?
9
Let z(p) = 16*p - 338. Calculate the remainder when z(26) is divided by (0 - -54)*3/6.
24
Suppose -44 = -4*u + 4*j, 3*j = 2*u - 12 - 9. Suppose 4*a - 43 = 17. Let d = a + -10. What is the remainder when u is divided by d?
2
Let l be (195/(-6) - -1)*20/(-15). Suppose -14*f = -l - 112. Calculate the remainder when 43 is divided by f.
10
Let v(t) = -48*t + 6. Let h be v(2). What is the remainder when ((-60)/h)/((-4)/(-246)) is divided by 14?
13
Suppose 0 = 2*v + 3*k - 18, -v - 8 + 3 = 5*k. Calculate the remainder when 130 is divided by v.
10
Suppose 84 - 24 = 5*i. Let t be 3 + 12/3 - 3. Suppose 7 + 32 = 2*w - 3*d, -t*w = 4*d - 88. What is the remainder when w is divided by i?
9
Let z = 9 - -32. Let u = 12 + -7. Suppose -1 = -0*h + h + 4*a, h - u = -2*a. What is the remainder when z is divided by h?
8
Suppose 6*o - 112 = 4*p + 2*o, -4*p = -5*o + 117. Let l = 42 + p. What is the remainder when l is divided by 8?
3
Let r be (9 - 3) + -2 + -1. Suppose r*i = -28 + 145. Calculate the remainder when i is divided by 10.
9
Let w(n) = n**3 + 21*n**2 + n + 29. Let k be w(-21). What is the remainder when ((2 - -2)/k)/((-4)/(-1336)) is divided by 34?
31
Suppose -76*z + 73*z + 135 = 0. Calculate the remainder when z is divided by (-140)/(-21)*6/4.
5
Suppose 3*g + r - 22 = 0, 44*g - 29 = 40*g - r. What is the remainder when 14 is divided by g?
0
Let h = -15 + 19. Let i be 9/3 + (25 - 0). Suppose -o = 2*c - i, -c - o = 3*o - 21. Calculate the remainder when c is divided by h.
1
Let u(o) = o**2 + 9*o - 14. Let z be u(-10). Let q(t) = -t**3 - 3*t**2 - 3*t - 13. What is the remainder when q(z) is divided by (-40)/(-6) + (-2)/3?
3
What is the remainder when 16 is divided by (1/(-2))/((-7)/126)?
7
Let q(p) = -p**3 - 9*p**2 - 15*p - 7. Let j be q(-7). Suppose -5*z - 3*r + 140 = j, -5*z - r + 140 = r. What is the remainder when z is divided by 10?
8
Let v be ((-6)/(-15))/((-1)/(-5)). Suppose v*r + 80 = 2*l, -2*r - 2*r - 20 = 0. What is the remainder when l is divided by 18?
17
Let p(s) = s**3 - 8*s**2 + 24*s - 5. What is the remainder when p(3) is divided by 19?
3
Let t(g) = 34*g + 143. What is the remainder when 36 is divided by t(-4)?
1
Let t(h) = h**3 + 10*h**2 - 12*h - 9. Let s(i) = 5*i + 3. Let j be s(-1). Let v be 23/(-2) - j/4. What is the remainder when t(v) is divided by 1?
0
Suppose -4*g = -b - 78, 2*b = -3*b + 10. Calculate the remainder when 78 is divided by g.
18
Let z be (2/(-10))/(14/35)*-2. Let d = 4 - -6. What is the remainder when d is divided by ((-84)/56)/(z*2/(-8))?
4
Suppose 171*a = 136*a + 2345. Calculate the remainder when a is divided by 43.
24
Let z(x) = 5*x**2 - 7. What is the remainder when z(-6) is divided by -6*(-3)/2 + 7?
13
Suppose -s - 14 = -2*s. Let n(o) = -o - 2. Let w be n(-2). Suppose w = -a + 32 + 8. Calculate the remainder when a is divided by s.
12
Suppose 13 = -3*u - 14. Let o(c) = c**2 + 7*c - 6. Suppose -4*r - l = -223, 4*l = -r + 5*r - 248. What is the remainder when r is divided by o(u)?
9
Suppose 0 = 5*z - 22*s + 26*s - 4137, 4*z - 3285 = 5*s. What is the remainder when z is divided by 69?
66
What is the remainder when 120 is divided by 28/5*770/44?
22
Let w(a) = -20*a - 138. What is the remainder when w(-12) is divided by 27?
21
Suppose -q + 5*y + 3780 = 0, 5*y = 2*y. What is the remainder when q/51 - (-4)/(-34) is divided by 26?
22
Suppose -3*y + 4*t = 4, t - 3 = 5*y - 2*t. Suppose -4*n - 3 + 7 = y. What is the remainder when n is divided by 6/(-15) + 14/10?
0
Let o(p) = -9*p + 48. What is the remainder when 70 is divided by o(4)?
10
Let m(n) = n**2 + n + 1. Let p(g) = -g**2 + 8*g + 2. Let i(w) = 2*m(w) + p(w). Suppose -4*d = -3*d + 11. What is the remainder when 59 is divided by i(d)?
14
Let x = 19 - 5. Suppose i + 2*z - 8 = -0*i, 3*i + z - 14 = 0. Suppose -120 = a - i*a. What is the remainder when a is divided by x?
12
Let a = 9 + -5. Suppose j - 64 = -3*w, -a*j + 256 = w + w. Let h(u) = u + 17. What is the remainder when j is divided by h(0)?
13
Suppose 4*s = k - 26, -7 = -2*k - 3*s + 2*s. What is the remainder when k is divided by 2?
0
Let b be 12 - 1/(-3)*-15. Suppose -b = -3*x + 26. What is the remainder when 16 is divided by x?
5
Let a(d) = 2*d**3 + 21*d**2 - 12*d - 16. Let v be a(-11). Let i = 12 - 7. Calculate the remainder when 15 - 1*(4 + v) is divided by i.
1
Let r(c) = c + 36. Let l be r(-3